 is -add7a (base 14) in base 8?
-1471130
What is -3022203 (base 6) in base 15?
-2c5cc
What is 1222222121 (base 3) in base 8?
114673
What is 42ba93 (base 16) in base 9?
8204733
What is 39085a (base 12) in base 13?
269386
What is -44ff1b (base 16) in base 2?
-10001001111111100011011
What is -238126 (base 9) in base 5?
-14044333
What is -1124424130 (base 5) in base 3?
-11211220200200
Convert -121442314 (base 5) to base 16.
-8d12a
What is -7803840 (base 9) in base 15?
-57d100
4e6213 (base 16) to base 3
100122222112010
-12010110110021 (base 3) to base 11
-15a1646
What is -4c8cf (base 16) in base 5?
-40013201
45310544 (base 6) to base 10
1377856
-76b901 (base 12) to base 13
-5108cb
What is -3110202 (base 4) in base 3?
-200122210
Convert -15501156 (base 8) to base 6.
-204322330
What is 412431244 (base 5) in base 7?
20222522
What is 12530105 (base 9) in base 8?
27400741
What is -5de05 (base 16) in base 14?
-a01b7
11111101111211 (base 3) to base 7
26210623
-1000101011111011010 (base 2) to base 15
-59509
What is -21284b (base 14) in base 12?
-460a03
Convert 21155205 (base 9) to base 12.
34b6905
What is 231222221 (base 5) in base 8?
3755325
What is -2989374 (base 10) in base 15?
-3e0b19
What is 43641 (base 16) in base 8?
1033101
What is -8dca7d (base 15) in base 4?
-121312102321
143214324 (base 5) to base 6
24122440
What is -20b351 (base 15) in base 12?
-6309aa
Convert -2121303231 (base 4) to base 3.
-1012000012020
140bc41 (base 14) to base 7
145364011
What is -3cb6 (base 14) in base 13?
-4b76
What is -1300545 (base 6) in base 11?
-48812
Convert -102030002 (base 4) to base 14.
-1d214
-22212201221002 (base 3) to base 4
-102000002231
-4416876 (base 9) to base 11
-138136a
Convert -3d8a4 (base 14) to base 15.
-30357
What is 54884 (base 16) in base 9?
576855
What is -a7b902 (base 13) in base 2?
-1111000001100011110011
-999b0b (base 13) to base 2
-1101110011110111101001
-151999 (base 14) to base 8
-2632523
-9d575 (base 16) to base 11
-400221
What is 121442 (base 9) in base 7?
423410
Convert d071d (base 15) to base 12.
279954
What is 15551537 (base 8) in base 5?
1404434210
Convert -564774 (base 8) to base 3.
-100200222001
Convert 10001100101001000110 (base 2) to base 15.
b5a4a
What is 3165034 (base 7) in base 16?
5e36c
What is -32553553 (base 6) in base 11?
-609880
-1b866 (base 14) to base 13
-25c96
What is -1ed64 (base 16) in base 11?
-86996
-3ace20 (base 15) to base 9
-5280323
-72539 (base 12) to base 4
-210131331
What is -30122333 (base 5) in base 15?
-4ac98
Convert 1130131212 (base 4) to base 8.
1343546
What is -1226362 (base 7) in base 15?
-31d94
Convert 1586949 (base 12) to base 8.
20640711
Convert -358e15 (base 15) to base 8.
-11612614
What is -1110110111100011011010 (base 2) in base 12?
-137b64a
Convert -2221c4 (base 13) to base 16.
-c464f
-9e1cbe (base 16) to base 4
-213201302332
Convert 7613822 (base 10) to base 4.
131002311332
What is -101100000221 (base 3) in base 5?
-23002131
What is -1b788b (base 16) in base 7?
-21205531
5247563 (base 8) to base 14
284d6b
ad2f4 (base 16) to base 11
444a57
What is 11011001010001011011101 (base 2) in base 11?
4023057
What is 6330005 (base 7) in base 2?
10111010011010000011
What is -6f1af (base 16) in base 13?
-12c1a9
What is 10356045 (base 8) in base 2?
1000011101110000100101
Convert -111110000011010011 (base 2) to base 4.
-332003103
What is 97a2c7 (base 13) in base 15?
4a6025
What is -6094112 (base 11) in base 4?
-221010210001
-140554503 (base 6) to base 10
-2845767
10011010100110010011100 (base 2) to base 5
2244102014
Convert 123223314 (base 6) to base 2.
1001001001100010011110
Convert -10da98 (base 14) to base 3.
-1002020120011
-1424667 (base 8) to base 9
-675032
79648 (base 14) to base 5
33413343
Convert 428434 (base 9) to base 16.
3e611
-101010000100001001010110 (base 2) to base 15
-e7c405
-c547ba (base 13) to base 2
-10001100101000110111101
-148087a (base 12) to base 14
-79db78
-13210014 (base 5) to base 3
-20200220121
2d39 (base 16) to base 14
430d
Convert 102536115 (base 7) to base 3.
102110120122120
Convert -28311877 (base 9) to base 2.
-110101011010100110111101
What is -891a94 (base 16) in base 5?
-4300011421
What is -4111461 (base 9) in base 14?
-41101c
Convert 4335066 (base 7) to base 9.
887000
-1c942 (base 14) to base 16
-11dce
What is -248620 (base 10) in base 8?
-745454
Convert 68136 (base 14) to base 7.
2101466
21212211211120 (base 3) to base 4
33332310003
What is 161a333 (base 13) in base 8?
33066157
Convert 3030303101 (base 4) to base 8.
3146321
Convert -2a343 (base 13) to base 4.
-103130212
100546 (base 7) to base 3
212102211
103144413 (base 5) to base 12
194959
Convert -10011001111000101111100 (base 2) to base 6.
-300025100
What is 1002101012012 (base 3) in base 7?
4625552
Convert 5476701 (base 9) to base 3.
12112120210001
What is -a62213 (base 13) in base 2?
-1110110101011110010100
-1240577 (base 13) to base 3
-101200210210002
What is 401410 (base 7) in base 12?
3327a
79433 (base 13) to base 3
102012100122
What is 10b379 (base 15) in base 12?
325489
Convert -12001 (base 13) to base 7.
-165040
What is 933c9 (base 13) in base 11?
170644
22001002 (base 3) to base 9
8032
Convert -15aba2 (base 12) to base 5.
-43341443
d1de9 (base 15) to base 6
22125020
What is 8c2d0b (base 15) in base 10?
6692186
Convert -194b024 (base 14) to base 11.
-70a4975
Convert -1a1483 (base 11) to base 4.
-1023201313
27332a (base 15) to base 12
76a311
Convert -324110 (base 6) to base 14.
-9ac2
Convert 1001022433 (base 5) to base 14.
3940c8
-af7e7 (base 16) to base 13
-1c2251
Convert -6cd64 (base 16) to base 3.
-211122111222
Convert 100628 (base 11) to base 5.
20134212
Convert -203401134 (base 6) to base 16.
-35df52
What is 6c250 (base 14) in base 7?
2146230
What is 765d7 (base 16) in base 4?
1312113113
44400204 (base 5) to base 2
1011110100111100010
What is 3223442024 (base 5) in base 9?
13813716
What is 2976a5 (base 11) in base 5?
104322104
Convert -1100111111011001100 (base 2) to base 9.
-717823
Convert -31710502 (base 8) to base 16.
-679142
21022000110001 (base 3) to base 10
3877876
What is 32d046 (base 14) in base 5?
420213123
What is -3b01d (base 14) in base 9?
-241471
What is 3423303 (base 5) in base 11?
41986
-10110110110011011 (base 2) to base 13
-337a8
Convert 13513040 (base 7) to base 5.
310421413
What is -35c40b (base 15) in base 8?
-11640565
What is -349aaa (base 13) in base 2?
-100110001000110111110
Convert -22560 (base 10) to base 2.
-101100000100000
-b264ba (base 13) to base 12
-1484878
Convert -132a9 (base 15) to base 9.
-103146
Convert -231c6 (base 14) to base 3.
-11100012020
Convert 442a31 (base 11) to base 12.
2a0b56
What is -1350533 (base 7) in base 16?
-2c078
Convert -53202400 (base 7) to base 5.
-2123131113
-2a76a8 (base 11) to base 4
-1310313101
Convert 19ae64 (base 15) to base 2.
100110001101010011010
Convert -13075012 (base 8) to base 2.
-1011000111101000001010
What is -3a859 (base 12) in base 2?
-10011101101000101
-102239 (base 10) to base 5
-11232424
Convert -ce59 (base 15) to base 11.
-2a949
Convert 2331111 (base 4) to base 11.
9116
Convert 11111111100011101010111 (base 2) to base 6.
455252555
What is -7643210 (base 8) in base 3?
-10212010121210
Convert 204511435 (base 6) to base 12.
124b57b
7644643 (base 11) to base 5
11414310034
What is c9615 (base 15) in base 11?
3a7302
72279 (base 11) to base 12
51059
What is -10010010111000011 (base 2) in base 3?
-10211011022
Convert -1c2d0 (base 16) to base 15.
-242dd
Convert -1002100121212 (base 3) to base 13.
-17300c
What is 100101010010011001011 (base 2) in base 11?
764a8a
1420433 (base 5) to base 6
344313
143222402 (base 5) to base 7
6304324
What is -2001221220112 (base 3) in base 10?
-1101452
What is -30a39b (base 14) in base 12?
-672031
78236 (base 10) to base 15
182ab
Convert 21111250 (base 6) to base 15.
c2763
-43c24 (base 13) to base 6
-2344541
Convert -1920e (base 16) to base 13.
-37b05
Convert -433515 (base 9) to base 12.
-105705
Convert 60330360 (base 7) to base 6.
255051503
Convert -1200223213 (base 4) to base 15.
-7c507
Convert 6ac147 (base 14) to base 6.
210035415
Convert -25205 (base 12) to base 14.
-14525
Convert -269c9 (base 14) to base 5.
-11021422
What is -110100111010100100010 (base 2) in base 15?
-243b4c
What is 83767c (base 15) in 